 prime?
True
Is 257578129 a prime number?
False
Is 67205003 prime?
True
Is 1197167701 composite?
False
Is 69958199 a composite number?
True
Is 422816983 a prime number?
True
Is 7330123939 a prime number?
True
Is 15704455953 composite?
True
Is 227841451 prime?
False
Is 350462051 prime?
True
Is 131562671 composite?
True
Is 8902058761 composite?
False
Is 70602421 composite?
True
Is 14970854339 a prime number?
False
Is 31408483483 prime?
False
Is 117594307 composite?
True
Is 8333899571 a prime number?
True
Is 350714915 a prime number?
False
Is 346360181 prime?
True
Is 2781630086 a composite number?
True
Is 8581626563 a composite number?
False
Is 1411950511 a composite number?
False
Is 881188501 a composite number?
False
Is 142028526259 a composite number?
False
Is 133244201 prime?
False
Is 528604361 composite?
False
Is 3063784007 a prime number?
True
Is 53182297621 prime?
True
Is 3931557557 composite?
True
Is 64352719049 composite?
True
Is 11031566867 a prime number?
True
Is 5200658527 prime?
True
Is 2397940203 a prime number?
False
Is 54600964961 a prime number?
True
Is 49637177027 composite?
True
Is 413428021 composite?
False
Is 8539133 composite?
True
Is 8419442897 composite?
False
Is 9733182617 a prime number?
False
Is 2142718591 prime?
False
Is 833838019 prime?
False
Is 29372606687 a prime number?
True
Is 99492312079 prime?
True
Is 349070047 a composite number?
False
Is 1103791163 prime?
False
Is 129832717 a composite number?
True
Is 811446689 a prime number?
True
Is 249750490283 prime?
False
Is 3727491667 prime?
True
Is 1200207131 a prime number?
True
Is 131514300289 a composite number?
False
Is 336836714 composite?
True
Is 7214986883 a prime number?
False
Is 9793415963 a composite number?
True
Is 19472223049 a prime number?
True
Is 4544131271 a prime number?
False
Is 472539533 prime?
False
Is 2227044737 prime?
False
Is 3304546297 prime?
False
Is 46704037379 a composite number?
False
Is 167310712741 prime?
True
Is 1146420037 a prime number?
False
Is 2867551447 a prime number?
True
Is 1242210191 composite?
True
Is 9556997635 a prime number?
False
Is 307973358853 prime?
True
Is 8144551 a composite number?
True
Is 7253273741 a composite number?
True
Is 10209334463 a composite number?
False
Is 13417258331 composite?
False
Is 567935933 a prime number?
True
Is 816737333 prime?
True
Is 28339311853 composite?
False
Is 56046650533 composite?
True
Is 33750071699 a composite number?
True
Is 14408307785 composite?
True
Is 162089413 composite?
True
Is 1704569401 prime?
False
Is 18531732671 a composite number?
True
Is 9353566207 prime?
False
Is 3426792571 a prime number?
False
Is 605762797 prime?
True
Is 41822967 prime?
False
Is 151267650089 a prime number?
True
Is 317322325267 a composite number?
False
Is 10265513809 prime?
False
Is 485002591 composite?
True
Is 152490097 a composite number?
False
Is 1727633893 prime?
True
Is 14082470537 a prime number?
True
Is 2816101103 a composite number?
True
Is 35564081 prime?
False
Is 7918006069 a composite number?
False
Is 2052366857 composite?
False
Is 144478600399 composite?
True
Is 5859591851 a prime number?
False
Is 65018911417 a composite number?
True
Is 173012570971 a prime number?
True
Is 8843506643 a composite number?
True
Is 214618771 a composite number?
False
Is 1129487347 a prime number?
True
Is 633569137 prime?
False
Is 3005156342 a prime number?
False
Is 1308137773 prime?
True
Is 2284968989 a prime number?
True
Is 589405319 composite?
False
Is 771459847 a prime number?
False
Is 189223693247 prime?
False
Is 13192726831 a prime number?
False
Is 99348960845 a prime number?
False
Is 137759074433 a prime number?
True
Is 5333835083 a prime number?
False
Is 63528643571 composite?
True
Is 12529968859 prime?
False
Is 6817981861 a prime number?
True
Is 35615434273 a composite number?
True
Is 6307973933 a prime number?
False
Is 16353795307 a composite number?
False
Is 940123813 a prime number?
True
Is 721345873 a prime number?
True
Is 661144735 composite?
True
Is 10011232481 a composite number?
True
Is 645029383 a composite number?
False
Is 123869789977 a prime number?
False
Is 88774279903 prime?
True
Is 124395157543 a prime number?
False
Is 9557190157 a prime number?
True
Is 55220917789 a composite number?
True
Is 342650695 prime?
False
Is 14140350949 composite?
False
Is 26185182181 a prime number?
False
Is 847216438 composite?
True
Is 56962881119 prime?
True
Is 3027477809 a composite number?
False
Is 383582171 prime?
False
Is 8613133411 a composite number?
False
Is 98720498449 composite?
False
Is 2049356977 composite?
False
Is 49264627 prime?
False
Is 812001709 a prime number?
False
Is 40338542397 composite?
True
Is 64834433806 a composite number?
True
Is 8287875289 composite?
True
Is 17689073309 prime?
False
Is 1923430469 a prime number?
False
Is 455842099 composite?
False
Is 289918129 prime?
False
Is 8328877537 prime?
True
Is 1636453243 prime?
False
Is 15211351833 prime?
False
Is 112738269179 composite?
False
Is 26981986103 composite?
False
Is 124460712133 a composite number?
False
Is 1247445517 a prime number?
True
Is 809261837 composite?
False
Is 3195680117 a composite number?
True
Is 2017580737 composite?
False
Is 3971519429 a prime number?
True
Is 812917207 prime?
False
Is 154545424291 prime?
True
Is 1099230103 prime?
True
Is 46418376931 a composite number?
False
Is 1248971671 a composite number?
True
Is 8556357547 prime?
True
Is 326211593 prime?
False
Is 567024433 a composite number?
False
Is 6140639569 a prime number?
True
Is 119336561807 composite?
True
Is 39730669423 a prime number?
True
Is 711132329 prime?
False
Is 13203364663 prime?
True
Is 12730082483 prime?
True
Is 3060442121 composite?
True
Is 851162083 a prime number?
True
Is 1656592493 a composite number?
True
Is 1771195841 a prime number?
False
Is 4979918197 composite?
False
Is 15210225127 composite?
True
Is 29123807 composite?
False
Is 4676963657 prime?
True
Is 128936053 a prime number?
True
Is 58014433 a composite number?
True
Is 4221248945 a composite number?
True
Is 10052067197 a prime number?
True
Is 86989261 a prime number?
True
Is 22580563703 composite?
False
Is 7169594543 a prime number?
False
Is 881510727 prime?
False
Is 15319823 a composite number?
False
Is 11000179591 composite?
False
Is 137559953 a prime number?
True
Is 12568171321 composite?
False
Is 19299859649 a composite number?
True
Is 4571716541 prime?
False
Is 64838677793 a composite number?
True
Is 1867047199 a prime number?
False
Is 3377064563 composite?
False
Is 5393330641 prime?
False
Is 405698555 composite?
True
Is 6907081289 a composite number?
False
Is 1994398381 a prime number?
True
Is 64180335311 a prime number?
True
Is 7261820723 a composite number?
False
Is 7904006561 a prime number?
False
Is 456102197 a composite number?
True
Is 708404861 composite?
False
Is 9794830739 a prime number?
False
Is 1643985713 a prime number?
False
Is 34902832249 composite?
True
Is 61632275041 prime?
True
Is 4171522591 composite?
True
Is 2360537701 prime?
True
Is 3152558677 composite?
False
Is 4383764029 composite?
True
Is 196069711 a composite number?
False
Is 360429403 prime?
True
Is 8406985069 prime?
False
Is 3867484667 a prime number?
True
Is 2814185713 a prime number?
False
Is 3451888379 a prime number?
True
Is 309044005 a prime number?
False
Is 260665157 composite?
True
Is 2796380509 a composite number?
True
Is 2349082943 prime?
False
Is 2738260493 prime?
False
Is 2065684321 composite?
False
Is 2198364293 a prime number?
False
Is 7771141153 composite?
False
Is 1037205797 prime?
True
Is 2866529599 prime?
True
Is 1393502233 composite?
False
Is 9732528647 prime?
False
Is 438553139 a prime number?
True
Is 467662847 composite?
True
Is 75626917 a prime number?
False
Is 700153393 a prime number?
True
Is 3922535657 a composite number?
False
Is 19114978153 a composite number?
True
Is 20987925835 a composite number?
True
Is 154716578 a composite number?
True
Is 460491371 composite?
True
Is 3871652783 a prime number?
True
Is 16776911663 prime?
True
Is 1045519511 a composite number?
False
Is 5816798237 prime?
True
Is 44416848695 a prime number?
False
Is 17929693693 prime?
False
Is 740514029 prime?
True
Is 39008339198 composite?
True
Is 31051850359 a composite number?
True
Is 95368416789